41 prime?
True
Is 513469 a composite number?
True
Is 15733057 a composite number?
False
Is 87328027 prime?
False
Is 220279 a composite number?
False
Is 134821867 composite?
True
Is 34592367 a composite number?
True
Is 5457563 a prime number?
False
Is 1225283 prime?
True
Is 131480263 prime?
True
Is 670447 a composite number?
False
Is 83873519 a prime number?
False
Is 464712809 prime?
False
Is 39555389 a composite number?
True
Is 66415483 prime?
False
Is 269604311 a composite number?
True
Is 153301 a composite number?
True
Is 431191 a prime number?
True
Is 7456441 a composite number?
False
Is 5942642 composite?
True
Is 2501983 a composite number?
True
Is 20270227 a composite number?
True
Is 1447741 composite?
True
Is 48942757 a composite number?
False
Is 85991309 prime?
False
Is 42549697 a composite number?
True
Is 116750099 a prime number?
True
Is 21273061 a composite number?
False
Is 873413 a composite number?
True
Is 147009 a prime number?
False
Is 596803 a composite number?
False
Is 5283059 a prime number?
True
Is 28151 prime?
True
Is 74552263 composite?
False
Is 11793259 a composite number?
True
Is 33549713 a prime number?
False
Is 34770669 prime?
False
Is 49779317 a composite number?
True
Is 5232551 a prime number?
False
Is 461515061 a prime number?
False
Is 33486997 prime?
True
Is 16427003 a prime number?
True
Is 170077951 prime?
False
Is 97679921 a prime number?
True
Is 4273289 a prime number?
True
Is 7192979 a composite number?
False
Is 2063573 a composite number?
False
Is 15335297 a composite number?
True
Is 182121949 prime?
True
Is 20912831 a composite number?
False
Is 121882291 composite?
False
Is 4519561 a prime number?
True
Is 9005723 a prime number?
True
Is 50989 a prime number?
True
Is 82909741 prime?
True
Is 8971491 composite?
True
Is 8357269 a composite number?
False
Is 921331 a composite number?
False
Is 6601081 a prime number?
True
Is 226111549 a prime number?
False
Is 42415589 composite?
False
Is 1567163 composite?
True
Is 30757 a composite number?
False
Is 17540153 prime?
True
Is 54667621 a prime number?
False
Is 1845547 a composite number?
True
Is 5488909 a composite number?
True
Is 1157899 composite?
False
Is 6269213 a prime number?
True
Is 90682073 prime?
True
Is 358997 a prime number?
False
Is 12230479 a prime number?
False
Is 7524797 prime?
False
Is 35554867 composite?
True
Is 18317893 composite?
True
Is 375599093 a prime number?
True
Is 1097599 prime?
True
Is 5177059 prime?
True
Is 11818549 a composite number?
False
Is 1624781 a prime number?
False
Is 111379 a prime number?
False
Is 28248179 a prime number?
True
Is 47402737 a prime number?
True
Is 136790345 prime?
False
Is 224006591 prime?
False
Is 87338021 composite?
False
Is 24438289 prime?
False
Is 1324042 prime?
False
Is 3584839 composite?
True
Is 13347709 a prime number?
False
Is 299119019 composite?
False
Is 43656563 prime?
True
Is 361623793 a composite number?
False
Is 336571 composite?
False
Is 1504691 a composite number?
False
Is 2337119 a prime number?
True
Is 5166921 prime?
False
Is 100463071 a composite number?
False
Is 305610859 a prime number?
True
Is 42566477 composite?
True
Is 106596253 a prime number?
True
Is 14960063 a composite number?
False
Is 30280399 composite?
True
Is 58309649 a composite number?
True
Is 528911 a prime number?
True
Is 42400511 a prime number?
False
Is 66549991 composite?
False
Is 284009938 composite?
True
Is 16803881 a composite number?
False
Is 3078533 composite?
True
Is 323633 a prime number?
False
Is 66067061 composite?
False
Is 781127 composite?
False
Is 7558271 a composite number?
True
Is 21794719 composite?
False
Is 31871594 composite?
True
Is 16036061 composite?
False
Is 17326661 a prime number?
False
Is 36432283 prime?
True
Is 19107397 a composite number?
True
Is 3868141 a composite number?
False
Is 6335807 a composite number?
False
Is 234218 a composite number?
True
Is 3036001 a prime number?
True
Is 3412055 composite?
True
Is 242870869 a prime number?
False
Is 99019541 a composite number?
False
Is 68621731 composite?
False
Is 24979853 composite?
False
Is 20663831 a composite number?
False
Is 2475469 a prime number?
False
Is 13444721 composite?
False
Is 5757013 composite?
True
Is 23624005 prime?
False
Is 1034443 prime?
True
Is 1334741287 a prime number?
False
Is 15341009 a composite number?
True
Is 800436713 a prime number?
True
Is 577629559 a prime number?
False
Is 2052651 prime?
False
Is 6874631 composite?
True
Is 36123103 prime?
True
Is 5758999 a composite number?
True
Is 17074553 a prime number?
True
Is 3452951 a prime number?
False
Is 3631853 composite?
True
Is 50148977 prime?
True
Is 5536123 composite?
True
Is 266557993 a prime number?
False
Is 23954251 prime?
False
Is 5051503 composite?
False
Is 11986879 a composite number?
False
Is 78310109 a composite number?
True
Is 12451091 composite?
False
Is 28701901 a prime number?
False
Is 308983287 composite?
True
Is 21372469 a composite number?
False
Is 12482933 a prime number?
True
Is 48807563 prime?
False
Is 7631057 composite?
True
Is 11372243 prime?
True
Is 4764821 prime?
True
Is 6965279 prime?
False
Is 81186473 a prime number?
False
Is 3243811 composite?
False
Is 11335141 a prime number?
False
Is 31527887 a prime number?
True
Is 5980859 a prime number?
True
Is 162959821 a prime number?
False
Is 5509439 a prime number?
False
Is 7001069 a composite number?
False
Is 216875639 prime?
True
Is 71683 a prime number?
False
Is 42729289 prime?
False
Is 469292998 a prime number?
False
Is 8641403 a composite number?
True
Is 32718629 a composite number?
True
Is 3067699 a prime number?
True
Is 35327429 prime?
True
Is 36154607 prime?
False
Is 5760929 a prime number?
False
Is 19837879 a composite number?
False
Is 105334361 prime?
False
Is 11640131 prime?
True
Is 64357298 a composite number?
True
Is 78332977 prime?
True
Is 22110157 a prime number?
True
Is 1402847 a prime number?
True
Is 8411555 composite?
True
Is 91468081 prime?
True
Is 47513741 a prime number?
False
Is 10756283 a composite number?
False
Is 58908974 prime?
False
Is 994049533 prime?
False
Is 322169 a composite number?
False
Is 228770603 prime?
True
Is 2959053 a prime number?
False
Is 9514129 a prime number?
True
Is 4759087 prime?
False
Is 502559 a composite number?
True
Is 16334177 prime?
False
Is 113020967 a composite number?
False
Is 288443647 a composite number?
False
Is 32512003 a prime number?
True
Is 41312281 composite?
True
Is 1021831 composite?
False
Is 5104461 prime?
False
Is 173004887 composite?
True
Is 1908411 composite?
True
Is 2256257 a prime number?
False
Is 5882029 composite?
True
Is 58325183 a prime number?
False
Is 18655751 prime?
True
Is 37704923 a composite number?
True
Is 329392601 composite?
False
Is 30322603 prime?
False
Is 4468021 a composite number?
True
Is 13448681 composite?
True
Is 84577477 prime?
False
Is 384022238 a composite number?
True
Is 506267 a prime number?
False
Is 257671707 prime?
False
Is 9038047 prime?
False
Is 2444443 prime?
False
Is 573247 a composite number?
False
Is 2610301 a prime number?
False
Is 38416747 a prime number?
True
Is 1304267 composite?
False
Is 9486733 a prime number?
True
Is 28093297 prime?
False
Is 1358977 prime?
True
Is 53724299 a prime number?
True
Is 20669839 a composite number?
True
Is 16169602 prime?
False
Is 31528237 composite?
True
Is 20709389 composite?
True
Is 21467 prime?
True
Is 3911833 composite?
True
Is 40214663 a composite number?
False
Is 2246549 a prime number?
False
Is 12071359 a composite number?
True
Is 279425033 a prime number?
True
Is 27689573 a composite number?
False
Is 25782807 composite?
True
Is 30381671 a composite number?
True
Is 1349677 prime?
False
Is 15371689 prime?
False
Is 27416329 prime?
True
Is 4035737 prime?
True
Is 60720631 prime?
False
Is 769723 prime?
True
Is 765901 a composite number?
True
Is 356649577 composite?
False
Is 5154343 prime?
True
Is 200052429 composite?
True
Is 92101423 a composite number?
True
Is 2020513 prime?
False
Is 808949 composite?
True
Is 2184521 composite?
True
Is 71660431 a composite number?
False
Is 236135674 composite?
True
Is 268585 prime?
False
Is 7908261 a composite number?
True
Is 55317589 a composite number?
True
Is 754207 prime?
True
Is 25107617 composite?
False
Is 2491950041 a composi